z - 83925. Determine q(-2).
23
Let y(x) = 5510*x - 27625. What is y(5)?
-75
Let f(p) = 78445*p - 313779. Give f(4).
1
Let b(w) = -4012*w + 561718. Calculate b(140).
38
Let b(f) = f**2 - 203*f + 7154. Determine b(48).
-286
Let q(a) = 131*a + 1360. Determine q(-16).
-736
Let m(p) = -892090*p + 2676264. Determine m(3).
-6
Let h(v) = 41361*v + 19522386. Calculate h(-472).
-6
Let o(v) = 2*v**2 + 8585*v + 1737884. Determine o(-213).
17
Let n(a) = 27*a + 180. Determine n(-13).
-171
Let n(f) = -3*f**3 - f**2 + 1485*f + 516. Calculate n(0).
516
Let j(n) = 6*n**2 - 2355*n - 14004. Give j(-6).
342
Let t(p) = p**3 - 8*p**2 - 847*p + 5961. Give t(7).
-17
Let i(h) = 8279*h + 41868. Give i(-5).
473
Let a(q) = 367*q**2 + 5131*q - 30. Determine a(-14).
68
Let k(r) = 20330*r + 20528. What is k(-1)?
198
Let t(w) = -4*w**3 - 115*w**2 + 47*w + 633. Give t(-29).
111
Let a(i) = -980*i - 205651. What is a(-210)?
149
Let v(s) = 3042*s - 69498. Give v(23).
468
Let w(h) = -1630*h + 39086. Give w(24).
-34
Let z(a) = 259*a - 5619. What is z(18)?
-957
Let q(r) = r**3 - 11*r**2 - 1588*r + 11312. Calculate q(7).
0
Let s(p) = 108*p - 8497. What is s(83)?
467
Let r(k) = 25*k**3 - 843*k**2 - 256*k + 618. What is r(34)?
6
Let m(j) = -j**2 - 8328*j - 569468. Give m(-69).
403
Let r(z) = -108467*z + 2169340. What is r(20)?
0
Let i(y) = 236*y**2 - 20759*y - 784. What is i(88)?
8
Let x(h) = h**2 + 776*h + 22387. Determine x(-30).
7
Let u(i) = 7*i - 415. Give u(148).
621
Let v(s) = 281*s**2 + 13*s + 18. Give v(-3).
2508
Let q(b) = 27*b**2 + 4204*b + 944. What is q(-155)?
-2001
Let n(f) = -85553*f + 599144. What is n(7)?
273
Let m(y) = 1125*y - 121418. Calculate m(108).
82
Let w(p) = -5*p**3 + 96*p**2 + 597*p + 3154. What is w(25)?
-46
Let b(t) = -3486554*t + 10459674. Calculate b(3).
12
Let r(w) = -2*w**2 + 2122*w - 420787. Calculate r(797).
29
Let w(r) = -3*r**2 + 59861*r - 538513. Give w(9).
-7
Let w(m) = -2*m**2 - 2055*m - 23. What is w(0)?
-23
Let x(u) = -2*u**3 - 10*u**2 - 18*u - 8. Determine x(-4).
32
Let a(q) = -9073*q + 20523. What is a(2)?
2377
Let x(q) = 22*q**2 + 6100*q - 2051466. Give x(-474).
6
Let r(q) = 1247*q + 76063. Calculate r(-61).
-4
Let j(z) = -11*z - 59. Calculate j(7).
-136
Let i(h) = -215*h + 7599. Give i(37).
-356
Let j(w) = 8*w**2 + 2111*w - 4537. Give j(-266).
-15
Let u(q) = 2*q**3 - 16*q**2 + 1611*q - 11247. Determine u(7).
-68
Let l(v) = 7*v**3 - 6*v + 117. Give l(-6).
-1359
Let f(s) = 2*s**3 + 56*s**2 + 311*s + 1622. What is f(-23)?
-241
Let f(l) = -3*l**2 + 251*l + 180. Give f(88).
-964
Let q(j) = 1765*j**3 - 63*j**2 + 67*j - 2. Determine q(1).
1767
Let k(n) = 3*n**3 + 91*n**2 + 168*n - 555. Give k(-28).
229
Let f(b) = 2599*b + 615974. Calculate f(-237).
11
Let r(c) = 23*c**2 + 5287*c - 44373. Give r(-238).
133
Let o(v) = -v**3 - 57*v**2 + 195*v + 691. Determine o(-60).
-209
Let s(w) = 9293*w + 4088918. Give s(-440).
-2
Let x(l) = 94088*l + 752630. Calculate x(-8).
-74
Let x(w) = 542*w**2 + 11956*w + 699. Determine x(-22).
-5
Let k(a) = 7678153*a + 23034452. Determine k(-3).
-7
Let i(c) = -26*c**2 - 779*c + 132651. Give i(58).
5
Let n(w) = w**3 + 45*w**2 - 886*w + 322. Determine n(14).
-518
Let l(f) = 77*f**2 - 7008*f + 96. What is l(91)?
5
Let j(x) = x**3 - 38*x**2 + 256*x + 956. Give j(15).
-379
Let p(u) = -983*u - 5699. Calculate p(-7).
1182
Let h(j) = -3*j**3 - 322*j**2 - 1031*j - 221. Give h(-104).
-1157
Let q(g) = -2*g**3 + 350*g**2 - 1689*g + 151. Determine q(170).
2021
Let m(i) = -3*i**3 + 250*i**2 + 298*i - 10930. What is m(84)?
-10
Let o(q) = 1177*q + 115014. Determine o(-98).
-332
Let u(x) = -115*x - 1324. Give u(-11).
-59
Let r(k) = 5*k**2 + 1396*k + 24700. Calculate r(-18).
1192
Let s(l) = 5*l**3 - 854*l**2 - 6786*l + 1131158. What is s(171)?
-7
Let s(t) = -189*t**2 + 17*t + 17. Calculate s(-3).
-1735
Let l(w) = w**3 - 72*w**2 - 5*w + 5648. Determine l(71).
252
Let i(s) = 74*s + 14364. Calculate i(-190).
304
Let p(w) = 8*w**3 + 5224*w**2 + 20*w + 13044. Give p(-653).
-16
Let j(t) = 27556*t - 909341. What is j(33)?
7
Let g(v) = -2*v**3 - 89*v**2 - 34*v - 309. What is g(-44)?
-749
Let h(a) = -a**3 - 57*a**2 - 299*a - 4603. Give h(-53).
8
Let j(r) = -r**3 - 18*r**2 + 1604*r + 31276. Calculate j(-20).
-4
Let o(v) = -776*v + 78743. What is o(96)?
4247
Let b(i) = 203451*i + 2644865. What is b(-13)?
2
Let h(n) = -4*n**3 + 15*n**2 - 1924*n - 15. Determine h(0).
-15
Let d(r) = -509850*r + 1019706. Calculate d(2).
6
Let s(l) = -152*l - 58196. What is s(-383)?
20
Let k(g) = 11607*g - 3876731. Determine k(334).
7
Let o(j) = -j**2 - 32572*j + 749689. What is o(23)?
4
Let c(n) = 4213*n - 13006. Give c(3).
-367
Let m(b) = -1369*b**2 + 689969*b + 3526. Calculate m(504).
-2
Let l(v) = -v**3 + 6*v**2 - 30*v + 15. Calculate l(-6).
627
Let c(r) = -98*r**2 - 4980*r + 913. Give c(-51).
-5
Let z(k) = 1849*k - 9289. Give z(5).
-44
Let j(v) = -v**3 - 879*v**2 - 26289*v - 29. Give j(-31).
2
Let i(k) = 9*k**3 + 109*k**2 + 270*k + 3092. Give i(-12).
-4
Let v(f) = -f**3 + 2259*f**2 - 71263*f - 29. Determine v(32).
3
Let v(i) = 2*i**2 - 471*i + 27540. Calculate v(106).
86
Let a(s) = 1919*s - 24840. What is a(13)?
107
Let v(g) = -18*g**2 + 299*g + 84. Determine v(18).
-366
Let r(b) = -1475*b - 233046. What is r(-158)?
4
Let x(m) = m**3 - 419*m**2 - 22668*m - 123546. Determine x(468).
6
Let d(q) = q**2 + 634*q - 80983. What is d(-743)?
4
Let h(t) = -248*t**2 - 18839*t + 448. What is h(-76)?
-236
Let p(h) = -3*h**3 - 744*h**2 + 3858*h - 295. Give p(5).
20
Let x(v) = 8*v**3 - 46*v**2 - 51*v + 273. Determine x(7).
406
Let p(z) = -4*z**2 - 200*z - 597. What is p(-47)?
-33
Let j(z) = -z**3 - 22*z**2 - 116*z - 113. What is j(-16)?
207
Let p(t) = t**2 + 164*t - 23460. Determine p(92).
92
Let m(c) = -18*c**3 + 204*c**2 - 30*c - 24. Give m(11).
372
Let u(j) = j**3 + 32*j**2 + 107*j - 493. What is u(-27)?
263
Let f(t) = 85*t**2 - 548*t - 1053. Determine f(8).
3
Let i(k) = -296857*k - 593719. Give i(-2).
-5
Let w(o) = -1608272*o - 122228664. What is w(-76)?
8
Let s(d) = -d**2 - 51*d - 417. What is s(-41)?
-7
Let t(y) = -6690*y + 3264708. Determine t(488).
-12
Let y(h) = -1585*h + 96. What is y(1)?
-1489
Let x(j) = -2830*j - 17095. Determine x(-6).
-115
Let p(c) = 694*c - 8506. Determine p(12).
-178
Let n(v) = 2457*v**2 - 14730*v - 27. Determine n(6).
45
Let t(o) = 153204*o - 766012. Give t(5).
8
Let u(o) = o**3 + 19*o**2 - 123*o - 756. Give u(-22).
498
Let j(w) = -1940*w - 21361. Calculate j(-11).
-21
Let s(i) = -834*i + 34460. Determine s(43).
-1402
Let l(m) = 864*m**2 - 11217*m - 189. Calculate l(13).
6
Let y(v) = 3*v**2 + 1694*v + 171336. Give y(-132).
0
Let p(c) = c**3 - 62*c**2 + 269*c + 957. Give p(57).
45
Let k(o) = -5*o**3 + 62*o**2 + 38*o - 455. Give k(12).
289
Let y(r) = r**2 + 306*r - 9437. Give y(26).
-805
Let i(d) = 1116*d**3 + 4*d**2 + 16*d - 19. What is i(1)?
1117
Let h(c) = -138*c + 16499. Determine h(120).
-61
Let d(q) = -19*q**3 - 33*q**2 + 15*q + 7. Give d(4).
-1677
Let s(f) = -2*f**3 + 550*f**2 + 562*f - 2764. Give s(276).
-4
Let r(l) = -9*l**2 - 124*l + 291. Calculate r(-22).
-1337
Let c(w) = w**3 + 42*w**2 - 184*w - 9408. Calculate c(-41).
-183
Let z(l) = -5*l**2 + 131844*l - 395494. What is z(3)?
-7
Let k(h) = h**2 - 1723*h + 39112. Determine k(23).
12
Let x(p) = 441901*p + 11489454. Calculate x(-26).
28
Let a(q) = -q**2 - 7693*q + 1800. Give a(0).
1800
Let z(o) = o**2 + 281*o + 17392. What is z(-188)?
-92
Let n(d) = -62955*d + 1070243. Give n(17).
8
Let l(o) = o**3 + 54*o**2 + 2188*o + 70753. Calculate l(-42).
25
Let b(c) = -162749*c + 3254976. Give b(20).
-4
Let v(t) = -7229*t + 36124. Give v(5).
-21
Let m(a) = 8*a**2 + 124*a - 6. What is m(-15)?
-66
Let l(j) = -35*j**3 - 2130*j**2 + 2512*j + 1979. Give l(-62).
-5
Let w(l) = 43*l**2 + 3886*l + 60504. What is w(-20)?
-16
Let u(k) = -14995*k + 14987. Determine u(1).
-8
Let y(l) = l**3 + 7*l**2 - 11300*l - 56556. Determine y(-5).
-6
Let c(u) = 2*u**3 + 12*u**2 - 6619*u - 39712. Give c(-6).
2
Let z(g) = -2812*g + 8425. Calculate z(3).
-11
Let b(n) = 11449*n - 217566. What is b(19)?
-35
Let i(h) = -8*h**3 - 5859*h**2 - 17571*h + 15. Calculate i(-3).
213
Let j(k) = -70*k**3 - 3*k**2 + 6*k - 25. What is j(3)?
-1924
Let x(s) = 10*s**2 + 299*s + 4727. Give x(-18).
2585
Let d(y) = -8*y**2 + 2862*y + 106553. Deter